 + z**3. Give v(-3).
-24
Let g(z) be the second derivative of z**4/12 + z**3/6 - 107*z**2/2 - 4119*z. Give g(-11).
3
Let y(v) = 2*v**2 + 2*v - 5. Let w = -110 + 110. Suppose a = -4*u - 0*a + 16, -4*u - 3*a + 24 = w. Let i be (u - (-2 + 9))*1. Calculate y(i).
19
Let u(a) = 7*a - 4. Let i(o) = 28*o + 25*o + 1 - 82*o + 27*o. Let t(h) = -5*i(h) - u(h). Give t(7).
20
Let v(l) = -l**3 + 5*l**2 - 2*l - 4. Let y(u) = -u + 2. Let m be y(-3). Suppose -2*z = m*k - 25, -22 = -2*z + 2*k - 6*k. Give v(z).
-14
Suppose -5*f = v - 16, -2*f + 3 = -5. Let a(g) be the third derivative of g**5/60 + g**4/24 - 2*g**3/3 - 34037*g**2. Determine a(v).
8
Suppose 336*m - 40 = 334*m. Let x be -6 - -1 - (-22 + m). Let y(c) = 2*c**2 + 3*c - 3. Determine y(x).
6
Let n(w) = -w**3 - 4*w**2 - w - 4. Let c be (-22)/55 + (-3808)/(-20). Let s = c + -193. Calculate n(s).
-10
Let n(q) = 30*q + 39. Let w(m) = m**2 + 56*m + 158. Let o be w(-53). Determine n(o).
9
Let n(j) = j**3 - j**2 - 1. Suppose 29*f + 84 = 36*f. Suppose 3*r = -0*r - 2*x + 8, 3*x - f = 0. What is n(r)?
-1
Let n(b) be the second derivative of -b**4/24 - 11*b**3/6 - 55*b**2/2 + 7*b - 7. Let l(q) be the first derivative of n(q). Calculate l(-6).
-5
Let r(w) = -w**3 - 3*w**2 - w + 3. Let y(u) = 4*u**3 - 4*u**2 + 37*u + 13. Let m(v) = -3*r(v) - y(v). Give m(9).
-4
Let s(z) = 4*z + 6*z**2 + 5*z + 8*z**3 - 9*z**3 - 98 - 95 + 202. Suppose 0 = 19*f - 30 - 103. Calculate s(f).
23
Let w(b) = 11. Let i(o) = 68. Let h(v) = i(v) - 6*w(v). Let d be -3 - -3*(-1)/3. Let g(x) = -x - 4. Let p(c) = d*h(c) - 2*g(c). Calculate p(-1).
-2
Suppose -8*a + 277 = -483. Let x(p) = -2*p**2 - 96*p + a*p - 15*p**3 + p**2. Determine x(-1).
15
Let k(v) = -v**2 - v - 6. Let p = 27 + -38. Let s(i) = -i**3 + 8*i + 21. Let o be s(4). Let j = o - p. Calculate k(j).
-6
Let z(r) = -r**2 + r + 8. Let t = -379 + 76. Let u = -297 - t. What is z(u)?
-22
Suppose -3*v - 1 = -4*g, -2*v = -g - v. Let o(a) be the second derivative of -7*a**5/20 - a**3/6 + a**2/2 - 1711*a + 2. Calculate o(g).
-7
Let a be ((-15 - -15)/16)/(-1). Let i(g) = 27*g - 12. What is i(a)?
-12
Let t = 8 - 6. Suppose t*w - 2*f - 4 = -2, 3*w = 5*f + 13. Let b(m) = -2*m**2 + 2 + 0 + 674*m - 677*m. Determine b(w).
-18
Let a(i) = -39*i + 10. Let b(w) = -29*w + 11. Let n(f) = -3*a(f) + 4*b(f). Determine n(5).
19
Suppose 44*p = 45*p - 6. Let u(x) = 45*x**2 - 11*x - 13. Let v(c) = 21*c**2 - 5*c - 6. Let y(n) = p*u(n) - 13*v(n). Give y(2).
-14
Let g(r) be the first derivative of -r**3/3 + 11*r**2/2 - 10*r + 6. Let i be (-325)/(-78) + 2/(-12) - (-15 + 7). What is g(i)?
-22
Let h(v) = 37*v**3 - 39*v**2 - 5*v + 21. Let c(d) = 8*d**3 - 10*d**2 - d + 6. Let m(f) = 9*c(f) - 2*h(f). Calculate m(-6).
6
Let y(m) = -186*m - 11530. Let s be y(-62). Let d(j) be the first derivative of -j**2 - 2*j - 2. Give d(s).
-6
Let j(w) = 21*w - 156. Let k be (-56)/((-210)/15) + (-32)/(-8). Give j(k).
12
Let b(a) be the second derivative of a**5/10 - a**4/2 - 4*a**3/3 + 7*a**2/2 - 13*a. Let r be b(5). Let p = r - 67. Let v(i) = i**2 - i + 3. What is v(p)?
3
Let m(a) = a**3 - 12*a**2 + a + 13. Suppose -3*h = -26*h + 276. Determine m(h).
25
Let f = -415 + 420. Let d(k) = -k**2 + 5*k - 6. Determine d(f).
-6
Let y(s) = -125*s**2 - 2*s + 251*s**2 + 32 + s**3 - 127*s**2 - 24. Calculate y(2).
8
Let x(j) = 9*j**2 + 3*j - 7. Suppose -43*b = -38*b + 3*t, -4*b = 4*t - 8. What is x(b)?
65
Let k(x) = -5*x**2 + 69*x + 43*x + 41*x + 3 - 194*x - x**3 + 42*x. Let g be 4/10 - 54/10. What is k(g)?
-2
Let u(l) = -9 + 7*l**3 + 0*l**3 + 19*l - 8*l**2 - 23*l + 14*l - 8*l**3. Let j = 15 - 24. Give u(j).
-18
Let d(q) = -2*q**3 - 21*q**2 - 8*q + 17. Suppose 0 = -2*h + 5*t, 17*h + 6 = 16*h + t. Determine d(h).
-3
Suppose r + 2*l + 3*l - 8 = 0, -4*r - l = 44. Let c = 14 + r. Let x(w) = 9*w + 12*w**2 - 9 - 11*w**2 - c*w. What is x(-9)?
9
Let c(v) = 2*v + 1. Let h(q) = 5*q - 2*q + 2 + 3*q + 4*q. Let l(g) = -4*c(g) + h(g). What is l(-9)?
-20
Let r(i) = -2*i**2 - 10*i + 1. Let q(f) = -9*f**2 - 49*f - 1. Let b(w) = -q(w) + 4*r(w). Determine b(-1).
-3
Let t(g) = -131*g + 463. Let n(p) = -76*p + 232. Let h(q) = -5*n(q) + 3*t(q). What is h(17)?
8
Let b(w) be the second derivative of w**5/20 + 13*w**4/12 - 5*w**3/2 - 11*w**2/2 - w. Let h be b(-14). Let p be (-8)/((-8)/h) + -1. Let s(v) = v - 2. Give s(p).
0
Let q(y) = -23*y**2 + 1. Suppose -7 = 2*s - 3*i - 9, 0 = -s - 5*i + 1. What is q(s)?
-22
Let p(f) = -f**3 + 7*f**2 - 7*f - 3. Let i = -28321 + 28327. Give p(i).
-9
Let l(m) be the third derivative of m**4/24 - m**3/6 + 3*m**2. Suppose -2 = -2*d + 8. Suppose 0 = 5*y - 4*k - 9 - 1, k = -d. Give l(y).
-3
Suppose 276 = -27*x + 114. Let d(r) = 4*r. Give d(x).
-24
Let t(m) be the third derivative of 2/3*m**3 - 2*m**2 + 1/120*m**6 + 1/15*m**5 + 0*m - 1/24*m**4 + 2. What is t(-4)?
8
Let n(f) = 3*f**2 + 310*f + 2313. Let p be n(-8). Let b(q) = -q**2 + 23*q + 2. What is b(p)?
-48
Let c(m) = 557*m - 2795. Let l be c(5). Let j(p) = 79*p + 786. Calculate j(l).
-4
Let g(x) = -2*x**2 + 34*x - x**3 + 33*x - 46*x - 63*x + 39*x - 37. Calculate g(-4).
7
Let t be (-2)/(-3) + (-91)/(-39). Suppose -3*g + 17 = -5*z + z, 2*z - 2*g + 10 = 0. Let k be ((-7)/t)/((-3)/(-18)*z). Let q(n) = n - 2. Determine q(k).
5
Let l(v) = -17*v - 13 + 42*v + 201 + 11 + 70*v. Calculate l(-2).
9
Let u(q) be the first derivative of -q - 44 - 1/2*q**2. Calculate u(-4).
3
Let h(x) = x. Let b(t) = t**3 + 4*t**2 + 0*t**2 - 49*t - 7 + 46*t. Let n be b(-4). Suppose -7 = -n*g - 27. What is h(g)?
-4
Let x(n) be the first derivative of 13*n**2/2 - 6*n + 1988. Calculate x(5).
59
Let o(m) = -2. Let g(w) = w - 18. Let b(t) = 2*g(t) - 18*o(t). Suppose 0 = 5*l - 14*l + 276 - 258. Determine b(l).
4
Let p be -2 + -1*(5 - 2). Let z(d) = -4 + 11 + 19*d - 13*d. Let k(g) = 2*g + 2. Let u(s) = 8*k(s) - 3*z(s). What is u(p)?
5
Let a(i) = i**2 + 0*i**2 + 7*i**3 - 35*i + 36*i + 0*i**2 + 0*i**2. Calculate a(-1).
-7
Let y be (-2)/6*0 + -6. Let h(k) be the third derivative of k**6/120 + k**5/12 - k**4/4 - 7*k**3/6 + 10*k**2 + 502*k. What is h(y)?
-7
Let c(j) = -33*j - 240. Let q(z) = 14*z - 7. Let u(v) = -c(v) - 3*q(v). Give u(31).
-18
Let i(b) = b**2 + 4*b + 11. Let s be i(-4). Suppose 3*w = -w + v - s, -w + 5*v = -21. Let x be 5/(-4)*-1*w. Let l(n) = -n**2 - 4*n + 7. Determine l(x).
2
Let f(w) = -w + 24. Let k be (1860/150)/(4/10). Suppose 4*z + d - 39 = 0, 10 - k = -z + 2*d. Give f(z).
13
Let n(i) = 13*i + 5. Let o(d) = 28*d + 10. Let r(v) = -7*n(v) + 3*o(v). Let k be r(-2). Let f(h) = h**3 - 9*h**2. Determine f(k).
0
Let o(c) = 3*c**3 + c + 1. Suppose 0 = 4*l + 3*n - 11, 3*n + 2 + 3 = 4*l. Let r be (l + -4)*18/36. Calculate o(r).
-3
Let v(r) = 4 + r - 3*r**2 + r**3 + 4*r**2 + 4*r**2. Let z(y) = -y**3 + 61*y**2 - 117*y - 54. Let b be z(59). Let d be 51/(-12) + b/40*-6. Calculate v(d).
-1
Let z(v) = -8*v**3 + 6*v**2 + 8*v - 9. Let h(y) = -4*y + 10. Let m be h(1). Let o(q) = -7*q**3 + 5*q**2 + 7*q - 8. Let s(k) = m*z(k) - 7*o(k). What is s(-2)?
0
Let h(s) = 9*s**2 - 10*s + 10. Suppose -20*v + 0*v - 100 = 0. Let x(w) = -11*w**2 + 11*w - 12. Let q(t) = v*x(t) - 6*h(t). What is q(-3)?
-6
Suppose 0 = -6*q + 8*q - 2. Let c(l) be the second derivative of 2*l**3 - 16*l + 9. Calculate c(q).
12
Let s(l) = -140 + 141 - 2*l + l**3 + l**2 - 2*l**3. Let k = -112 - -117. Suppose -8*o - 1 = -k*m - 4*o, -2 = -4*m + 2*o. What is s(m)?
-1
Suppose 7 = k + 2*j - 2, 5*k - 2*j - 21 = 0. Let g(x) = 11 - 25 + 16 + 14*x**2 - 12*x**2 - 150*x + 144*x. Determine g(k).
22
Let x(s) be the third derivative of -s**5/60 + s**4/2 - 10*s**3/3 + 165*s**2. Determine x(8).
12
Let a(f) = -f**2 - f - 1. Let l(k) = k**3 - 15*k**2 - 22*k + 38. Let v be l(16). Let j be 1 + (114/2 - -4). Let w = v + j. Give a(w).
-21
Let x(w) = w**3 + 12*w**2 + 12*w + 4. Let d(o) = -12*o - 41. Let l be d(-4). Let z be (231/l)/((-12)/4). What is x(z)?
-7
Let a(u) = u**2 - 3*u**2 + 32 + 60*u + u**2 - 47*u. Determine a(15).
2
Let s(n) = 73*n**3 + n**2 - 14*n - 1. Let w(o) = 19*o**3 - 3*o. Let a(j) = -s(j) + 4*w(j). Suppose l = -2*l - 5*r - 6, 0 = -l + 5*r - 2. Determine a(l).
-31
Let b(r) be the third derivative of -r**6/60 + r**5/5 - 25*r**4/24 - 10579*r**2. What is b(4)?
-36
Let g(m) = 0*m + 2*m - 3*m - 16. Let a(h) = -17*h + 106. Let o be a(6). Let k be (4 - o)/((-6)/(-13 - -7)). Give